40086 is divided by 982?
806
Calculate the remainder when 51224 is divided by 751.
156
What is the remainder when 153136415 is divided by 15?
5
Calculate the remainder when 24667 is divided by 8726.
7215
Calculate the remainder when 256485205 is divided by 392.
389
Calculate the remainder when 42394 is divided by 41631.
763
Calculate the remainder when 78757 is divided by 76565.
2192
What is the remainder when 243975 is divided by 3595?
3110
Calculate the remainder when 110232 is divided by 91.
31
What is the remainder when 1670828 is divided by 8396?
24
What is the remainder when 35535 is divided by 8808?
303
What is the remainder when 200573 is divided by 7427?
44
Calculate the remainder when 113201120 is divided by 23.
19
Calculate the remainder when 59414084 is divided by 2111.
2100
Calculate the remainder when 47330445 is divided by 174.
9
What is the remainder when 1508974 is divided by 4313?
3737
Calculate the remainder when 6472621 is divided by 180.
1
Calculate the remainder when 1504985 is divided by 3016.
1
Calculate the remainder when 12356042 is divided by 43.
35
Calculate the remainder when 268157 is divided by 1302.
1247
Calculate the remainder when 921658 is divided by 1311.
25
Calculate the remainder when 3474678 is divided by 868657.
50
Calculate the remainder when 578595 is divided by 2023.
17
What is the remainder when 1548591517 is divided by 112?
109
Calculate the remainder when 54615 is divided by 4513.
459
What is the remainder when 18078535 is divided by 1591?
2
Calculate the remainder when 22286425 is divided by 7428807.
4
Calculate the remainder when 1980442 is divided by 331.
69
What is the remainder when 2363543 is divided by 337648?
7
What is the remainder when 527675 is divided by 32946?
539
What is the remainder when 926886 is divided by 66168?
534
What is the remainder when 662083 is divided by 220659?
106
What is the remainder when 260718 is divided by 902?
40
What is the remainder when 507923469 is divided by 2317?
2314
Calculate the remainder when 95664108 is divided by 10629345.
3
Calculate the remainder when 2294609 is divided by 550.
9
Calculate the remainder when 5466053 is divided by 6341.
111
Calculate the remainder when 343961489 is divided by 79.
71
What is the remainder when 124072 is divided by 57?
40
What is the remainder when 3578549 is divided by 30?
29
Calculate the remainder when 753155 is divided by 2919.
53
Calculate the remainder when 3826623 is divided by 159436.
159
What is the remainder when 3583747 is divided by 279?
271
Calculate the remainder when 26338947 is divided by 1122.
1119
What is the remainder when 123814148 is divided by 885?
878
What is the remainder when 43367 is divided by 13595?
2582
What is the remainder when 51256340 is divided by 24?
20
Calculate the remainder when 793294 is divided by 10218.
6508
Calculate the remainder when 3116387 is divided by 779080.
67
What is the remainder when 12962043 is divided by 2313?
2304
What is the remainder when 57497 is divided by 55389?
2108
Calculate the remainder when 15129574 is divided by 5279.
5239
Calculate the remainder when 44742 is divided by 211.
10
What is the remainder when 2800330 is divided by 43?
41
What is the remainder when 85279 is divided by 1356?
1207
What is the remainder when 282836 is divided by 1703?
138
Calculate the remainder when 31105446 is divided by 11.
9
Calculate the remainder when 6092156 is divided by 3040.
3036
Calculate the remainder when 18253839 is divided by 77.
65
Calculate the remainder when 59112196 is divided by 251.
190
What is the remainder when 3025005 is divided by 20030?
475
Calculate the remainder when 31468 is divided by 7783.
336
Calculate the remainder when 3978215 is divided by 40594.
3
Calculate the remainder when 245726 is divided by 497.
208
What is the remainder when 3461289 is divided by 1867?
1738
What is the remainder when 157309 is divided by 5555?
1769
Calculate the remainder when 22107 is divided by 10.
7
Calculate the remainder when 3405137 is divided by 37419.
8
What is the remainder when 20026114 is divided by 162?
160
Calculate the remainder when 57914839 is divided by 4120.
4119
Calculate the remainder when 379324087 is divided by 3436.
3431
Calculate the remainder when 695183 is divided by 1849.
1808
What is the remainder when 2939445 is divided by 519?
348
What is the remainder when 151965 is divided by 37788?
813
What is the remainder when 1607197 is divided by 328?
325
What is the remainder when 843698 is divided by 281194?
116
Calculate the remainder when 78280344 is divided by 15446.
16
Calculate the remainder when 47250492 is divided by 147.
135
Calculate the remainder when 1365621 is divided by 1514.
1507
What is the remainder when 2344317 is divided by 173?
167
Calculate the remainder when 513048740 is divided by 69.
68
What is the remainder when 3945184 is divided by 5?
4
Calculate the remainder when 708222 is divided by 354096.
30
Calculate the remainder when 189430 is divided by 2203.
2175
Calculate the remainder when 3617289 is divided by 40189.
279
What is the remainder when 984926 is divided by 328303?
17
What is the remainder when 1394724 is divided by 697212?
300
Calculate the remainder when 38051300 is divided by 157.
152
What is the remainder when 49041 is divided by 2711?
243
What is the remainder when 53292266 is divided by 2354?
60
Calculate the remainder when 443442 is divided by 51.
48
What is the remainder when 61613 is divided by 161?
111
What is the remainder when 1990940 is divided by 687?
14
Calculate the remainder when 383259 is divided by 62.
37
Calculate the remainder when 15683872 is divided by 31.
11
What is the remainder when 40339943 is divided by 276?
59
What is the remainder when 2842480 is divided by 2806?
2
What is the remainder when 364033737 is divided by 98?
95
Calculate the remainder when 763749 is divided by 254582.
3
What is the remainder when 1045188 is divided by 2333?
4
Calculate the remainder when 51739447 is divided by 351969.
4
What is the remainder when 1490086 is divided by 11551?
7
What is the remainder when 279 is divided by 158?
121
What is the remainder when 276910993 is divided by 7733?
7729
Calculate the remainder when 15683 is divided by 4385.
2528
Calculate the remainder when 20263 is divided by 691.
224
What is the remainder when 11887817 is divided by 14?
11
Calculate the remainder when 1340188 is divided by 714.
10
Calculate the remainder when 547408 is divided by 430.
18
What is the remainder when 1155405 is divided by 22209?
537
Calculate the remainder when 1020364 is divided by 2811.
2782
Calculate the remainder when 7884349 is divided by 129.
127
What is the remainder when 174938 is divided by 6158?
2514
What is the remainder when 935642 is divided by 757?
747
What is the remainder when 1030837 is divided by 17773?
3
What is the remainder when 2415681 is divided by 776?
769
What is the remainder when 5009 is divided by 2487?
35
What is the remainder when 1243158837 is divided by 1089?
1086
What is the remainder when 396619 is divided by 56609?
356
Calculate the remainder when 225725940 is divided by 62.
60
Calculate the remainder when 3336364 is divided by 293.
266
Calculate the remainder when 196989 is divided by 259.
149
What is the remainder when 54784196 is divided by 50?
46
Calculate the remainder when 4822902 is divided by 2883.
2526
Calculate the remainder when 2942091 is divided by 69.
0
Calculate the remainder when 3290410 is divided by 1645183.
44
What is the remainder when 4562931 is divided by 86093?
2
Calculate the remainder when 24364232 is divided by 158.
0
Calculate the remainder when 2267598 is divided by 755184.
2046
What is the remainder when 10532077 is divided by 1558?
1555
What is the remainder when 986602 is divided by 2355?
2212
Calculate the remainder when 6986446 is divided by 501.
1
What is the remainder when 8412740 is divided by 24?
20
Calculate the remainder when 122180602 is divided by 889.
887
What is the remainder when 893346 is divided by 7?
6
Calculate the remainder when 70216 is divided by 9994.
258
Calculate the remainder when 9629413 is divided by 1114.
1111
What is the remainder when 171701 is divided by 867?
35
What is the remainder when 881502 is divided